ten thousands digit of 34415/3 - 69/(-207)?
1
Let w be 2/4 + (-524)/(-8). Suppose 3*m - 14*m - 517 = 0. Let n = w + m. What is the units digit of n?
9
Let s(y) = -y**3 + 17*y**2 - 17*y + 8. Let h be s(16). Let v be (-10)/(200/(-64) + 3). What is the hundreds digit of ((v/(-15))/h)/(2/771)?
2
Let b(f) = -f**2 + f + 2. Let l be b(2). Suppose -2*w = -4*j - 534, -w - j + 80 + 202 = l. What is the tens digit of w?
7
Suppose 843 = -5*u + 93. Let n be u/5*(-2)/(-1 - -7). Suppose n*l + 0*l = 540. What is the units digit of l?
4
Let o(c) = c**3 + c**2 - 12*c + 26. Suppose 8 = -25*r + 26*r. What is the hundreds digit of o(r)?
5
Let c be (-20)/15 - 5144/(-6). Suppose 0*a - 8*a = c. Let q = a + 176. What is the tens digit of q?
6
Suppose q = 13*u - 280459, 5*u + 2*q - 85478 - 22398 = 0. What is the thousands digit of u?
1
Suppose 39693 = 2*k - 3*y, -877*y = 4*k - 872*y - 79309. What is the tens digit of k?
3
Suppose 23*v = 18*v + 10. Suppose 4*u + x - 8 = 0, 3*u + 2*x = u - v. Suppose -u*o = 5*o - 1632. What is the tens digit of o?
0
Let m(f) = 3*f**2 + 41*f - 21. Let t be m(-14). What is the tens digit of ((-26)/(-91))/((-1)/t) + 794?
9
Let u(q) = 4*q + 202. Suppose 10*c - 7*c = 6. Suppose c*i + 3*j + 15 = 0, -9*j = -5*i - 6*j + 15. What is the units digit of u(i)?
2
Let n(o) = -o - 19. Let y be n(-19). Suppose -7*w + 476 = -y*w. Suppose 0 = -6*g - w + 314. What is the tens digit of g?
4
Let w be 19 - 22 - (-1026)/(2*1). Suppose 4*q = -5*i - w, 2*q + 36 + 214 = -5*i. Let g = -7 - q. What is the tens digit of g?
2
Suppose 5*k - 106 = -16. Suppose k*p - 6*p - 3120 = 0. What is the hundreds digit of p?
2
Let t(u) = u**3 - 15*u**2 + 13*u + 19. Let y be t(14). Suppose -5*z - y*p + 35 = -2*z, -3*z = -4*p + 1. Suppose -9*v + z*v = -300. What is the tens digit of v?
7
Let j be (-4)/34 - 261/(-51). Suppose 10 = -2*w, -2*x = -x - j*w - 1188. What is the tens digit of x?
6
Let o = -2056 - -4252. What is the units digit of o?
6
What is the thousands digit of (-358704)/(-318)*(-7)/4*(-83)/3?
4
Suppose a - 6677 = -2*y, 480*y - 5*a = 481*y - 3352. What is the units digit of y?
7
Let y(q) be the second derivative of -835*q**3/6 - 2*q**2 + 7*q + 4. What is the tens digit of y(-1)?
3
Let v = 1265 - -12822. What is the hundreds digit of v?
0
Let z be ((-6)/12 - 2)*-2. What is the units digit of ((-393)/z)/(9/(-30))?
2
Suppose 4*z - 2800 = -0*i - 2*i, 5*z = -2*i + 2798. Let p be (i/15)/(1*(-1)/5). Let y = -332 - p. What is the units digit of y?
6
Let r = -76 - -138. Suppose 2*o = -d - 21, -o + d - 2*d = 12. Let l = o + r. What is the units digit of l?
3
Suppose -2*g = 5*j + 6, -6*j + j = -5*g + 20. Let a(z) = -90*z**2 + 4*z + 1. Let c be a(g). What is the units digit of (c/(-45))/((-3)/(-30))?
8
Let h = 118 - 116. Suppose -5*m + 2*y = -2951, -2374 = -4*m - 3*y - h*y. What is the units digit of m?
1
Let q be ((-522)/54)/((-2)/138). Let y = q + -321. What is the units digit of y?
6
Let h = 1428 + 4188. What is the units digit of h?
6
Let n(d) = 4*d**2 + 104*d - 3. Let p be n(-20). Let h = -323 - p. What is the units digit of h?
0
Let o(c) be the second derivative of 1/3*c**3 - 23*c + 1/12*c**4 + 0 - 141/20*c**5 + c**2. What is the hundreds digit of o(-1)?
1
Suppose 15*p = 67 - 187. What is the units digit of (2490/2)/3 + 13 + p?
0
Let z = 6549 - 5632. What is the hundreds digit of z?
9
Suppose 4*a - 12966 = l + 12830, -4*a + 5*l + 25812 = 0. What is the units digit of a?
8
Suppose -5*z = -5*r - 140 + 455, 5*r - z = 299. Let g = -51 + r. What is the units digit of g?
8
Let o = -72 + 72. What is the units digit of (-18409)/(-82)*((-4)/(-2) - o)?
9
Let i be 161/(-28) + (-6)/24. Let k(s) = 14*s**2 + 72*s + 18. What is the units digit of k(i)?
0
Let z(s) = 194*s**2 + 158*s + 1262. What is the units digit of z(-8)?
4
Let u be 2/(-2) - (-1 + -1 + 1655). Let g = -240 - u. What is the hundreds digit of g?
4
Suppose 572*z = 483*z + 2059282. What is the hundreds digit of z?
1
Let p(i) = i**3 - 22*i**2 + 88*i - 49. Let o = -624 + 644. What is the units digit of p(o)?
1
Let d(b) = -2*b**3 - 14*b**2 + 33*b - 13. Let x be d(-12). What is the thousands digit of x + 9/(-6)*-2?
1
Let j = -23 - -366. Suppose -4*g = -49 - j. What is the tens digit of g?
9
Let v = -12592 - -50587. What is the tens digit of v?
9
Let p(n) = -547*n - 6101. What is the thousands digit of p(-57)?
5
Let g(z) be the first derivative of 4*z**3/3 + 2*z**2 + 17*z - 20. Suppose v - 36 = -5*v. What is the tens digit of g(v)?
8
What is the ten thousands digit of (-1)/(-2) + (-125)/250 - -20751?
2
Let y(u) = -121*u + 195. Let n be y(9). Let k = -63 - n. What is the tens digit of k?
3
Let x(y) = -14195*y - 6214. What is the units digit of x(-4)?
6
Suppose 0 = -326*r - 28*r + 22594050. What is the thousands digit of r?
3
Let y(w) = 8*w - 4. Let f be (-4)/10 - 1185/(-25). Suppose f*b = 42*b + 10. What is the tens digit of y(b)?
1
Let f(c) = -c**3 - c - 7. Let x be f(-5). Let t = x + -34. What is the tens digit of t?
8
Let l(f) = 29*f - 114. Suppose -21*p + 234 = -8*p. What is the units digit of l(p)?
8
Let d(n) = n**2 + 7*n + 4. Let y = 50 + -57. Let l be d(y). Suppose l*u - 421 - 131 = -4*m, 4*m + u = 537. What is the tens digit of m?
3
Suppose -8*o - 3 = -27. Suppose 3*n + o*f - 3 = 0, 0 = -3*f - 3 - 3. Suppose -q + 380 = 3*c, n*c + 5*q = -0*c + 388. What is the tens digit of c?
2
Let h(p) = 3*p**3 - p + 2. Let l be h(1). Suppose -v - l = 0, -4*n + 1999 + 1005 = 5*v. Suppose n = 21*q - 17*q. What is the units digit of q?
9
Let s(j) = -j**2 - 10*j + 6. Let g be s(-4). Let w(p) = -3 - 12*p - 23 + 5 + g*p. What is the units digit of w(4)?
1
Suppose -346*w + 129*w - 956744 = -3662951. What is the ten thousands digit of w?
1
Suppose -28*a + 54 = -30*a. Let o = -24 - a. Suppose 5*y + 2*h = 33, -5*y + o*h = 7*h - 41. What is the units digit of y?
5
Let b(m) = 2*m**2 - 8 - 164*m - 13 + 54*m - 84 + 62*m. What is the units digit of b(40)?
5
Suppose 5*o - 8 = -3*s - 0*s, 0 = 4*o - 4*s - 32. Suppose 3*q + o*y = -0*q - 5, 2*q - 15 = y. Suppose -q*n = -174 - 21. What is the tens digit of n?
3
Let n(f) = f**3 + 14*f**2 + 5*f - 18. Suppose 5*p - 12*p - 329 = 0. Let w = 34 + p. What is the tens digit of n(w)?
8
Suppose -150*h + 146*h + 183850 = 5*c, -5*c = 2*h - 91930. What is the tens digit of h?
6
Suppose 2*s - 14 = -0. Let x(d) = -13*d**2 - 8*d + 4*d + 50*d**3 - 48*d**3. What is the tens digit of x(s)?
2
Let t(z) = 68*z. Let o be t(4). Let q be ((-812)/70)/((-4)/(41 - 1)). Let c = o - q. What is the units digit of c?
6
Let m(c) = 793*c**2 + 27*c + 82. What is the thousands digit of m(-3)?
7
Let q be (-2)/10*(-45)/3. Suppose -q*l + 439 = 10. Suppose -3*h + l = -82. What is the units digit of h?
5
Suppose 9*f - f + 554211 = 27*f. What is the hundreds digit of f?
1
Suppose -20 = -5*h + 5*f, -2*f + 3 = -3*f. Suppose 2*u = -2*a - 2, 5*a + 6 + h = -3*u. What is the units digit of (3/(-1))/((-2)/(u + 3))?
6
Let u(r) = r**2 + 3. Let i be u(-3). Let k = -103 + 106. Suppose 0 = -2*x - c + 286, -k*c + i = -0. What is the hundreds digit of x?
1
Suppose -1233 = -w - 0*w - f, 2*f + 6179 = 5*w. What is the units digit of w?
5
Suppose 0 = 5*r + 2*h + 44, 7*r + 30 = 3*r + h. What is the thousands digit of 4 + -6 + 1067 + r?
1
Suppose 28*p - 31*p + 15 = 0, 17183 = 4*b - 5*p. What is the tens digit of b?
0
Suppose -n - 23*k + 18*k = 4, n = -4*k - 4. Let t(d) = -d**2 - 4*d. Let r be t(-3). What is the tens digit of n*(r/(-4) + 1)*-48?
4
Suppose 4*z = -4, 2*m - z + 2*z + 31 = 0. Let v = -12 - m. Suppose -2*l + 7*o = 3*o - 90, v*o + 6 = 0. What is the tens digit of l?
4
Let u(x) = 269*x**2 - 36*x - 170. What is the units digit of u(-6)?
0
Let x = 1139 - -6001. What is the thousands digit of x?
7
Let v(h) = -5973*h - 12406. What is the tens digit of v(-5)?
5
Let v(m) = -72*m + 2469. What is the units digit of v(-82)?
3
Suppose -7*t - 5 = -8*t. Suppose t*r - 355 - 275 = 0. What is the tens digit of r?
2
Let g(r) = 5*r**3 + 74*r**2 - 69*r + 60. Let q(k) = -k**3 - 19*k**2 + 17*k - 15. Let a(y) = -2*g(y) - 9*q(y). What is the tens digit of a(21)?
8
Let t(z) = -5*z**2 - 504*z - 48. What is the tens digit of t(-88)?
8
Let a = 1720 + 6879. What is the hundreds digit of a?
5
Let h be 8/4 + -1 + (-3)/(-1). Suppose -w - 3*v - 14 = 0, -w - h*w - 5*v - 50 = 0. What is th